{"id":5973,"date":"2023-07-05T07:56:26","date_gmt":"2023-07-05T05:56:26","guid":{"rendered":"http:\/\/coderob.pl\/simp\/page\/?page_id=5973"},"modified":"2025-10-23T07:36:46","modified_gmt":"2025-10-23T05:36:46","slug":"aktualnosci","status":"publish","type":"page","link":"https:\/\/simp.bielsko.pl\/index.php\/aktualnosci\/","title":{"rendered":"Aktualno\u015bci"},"content":{"rendered":"\t\t<div data-elementor-type=\"wp-page\" data-elementor-id=\"5973\" class=\"elementor elementor-5973\" data-elementor-post-type=\"page\">\n\t\t\t\t\t\t<section class=\"elementor-section elementor-top-section elementor-element elementor-element-215e44f elementor-section-boxed elementor-section-height-default elementor-section-height-default\" data-id=\"215e44f\" data-element_type=\"section\" data-e-type=\"section\">\n\t\t\t\t\t\t<div class=\"elementor-container elementor-column-gap-default\">\n\t\t\t\t\t<div class=\"elementor-column elementor-col-100 elementor-top-column elementor-element elementor-element-40362e4\" data-id=\"40362e4\" data-element_type=\"column\" data-e-type=\"column\">\n\t\t\t<div class=\"elementor-widget-wrap elementor-element-populated\">\n\t\t\t\t\t\t<div class=\"elementor-element elementor-element-618e2b8 elementor-grid-3 elementor-grid-tablet-2 elementor-grid-mobile-1 elementor-posts--thumbnail-top elementor-posts--show-avatar elementor-card-shadow-yes elementor-posts__hover-gradient elementor-widget elementor-widget-posts\" data-id=\"618e2b8\" data-element_type=\"widget\" data-e-type=\"widget\" data-settings=\"{&quot;pagination_type&quot;:&quot;numbers&quot;,&quot;cards_columns&quot;:&quot;3&quot;,&quot;cards_columns_tablet&quot;:&quot;2&quot;,&quot;cards_columns_mobile&quot;:&quot;1&quot;,&quot;cards_row_gap&quot;:{&quot;unit&quot;:&quot;px&quot;,&quot;size&quot;:35,&quot;sizes&quot;:[]},&quot;cards_row_gap_tablet&quot;:{&quot;unit&quot;:&quot;px&quot;,&quot;size&quot;:&quot;&quot;,&quot;sizes&quot;:[]},&quot;cards_row_gap_mobile&quot;:{&quot;unit&quot;:&quot;px&quot;,&quot;size&quot;:&quot;&quot;,&quot;sizes&quot;:[]}}\" data-widget_type=\"posts.cards\">\n\t\t\t\t<div class=\"elementor-widget-container\">\n\t\t\t\t\t\t\t<div class=\"elementor-posts-container elementor-posts elementor-posts--skin-cards elementor-grid\" role=\"list\">\n\t\t\t\t<article class=\"elementor-post elementor-grid-item post-6499 post type-post status-publish format-standard hentry category-aktualnosci\" role=\"listitem\">\n\t\t\t<div class=\"elementor-post__card\">\n\t\t\t\t<div class=\"elementor-post__text\">\n\t\t\t\t<h3 class=\"elementor-post__title\">\n\t\t\t<a href=\"https:\/\/simp.bielsko.pl\/index.php\/2026\/04\/10\/zaproszenie-na-wyklad-proces-neutralizacji-i-stracania-metali-ciezkich-w-sciekach-po-przetworzeniu-emulsji-olejowych\/\" >\n\t\t\t\tZaproszenie na wyk\u0142ad: Proces neutralizacji i str\u0105cania metali ci\u0119\u017ckich w \u015bciekach  po przetworzeniu emulsji olejowych\t\t\t<\/a>\n\t\t<\/h3>\n\t\t\n\t\t<a class=\"elementor-post__read-more\" href=\"https:\/\/simp.bielsko.pl\/index.php\/2026\/04\/10\/zaproszenie-na-wyklad-proces-neutralizacji-i-stracania-metali-ciezkich-w-sciekach-po-przetworzeniu-emulsji-olejowych\/\" aria-label=\"Read more about Zaproszenie na wyk\u0142ad: Proces neutralizacji i str\u0105cania metali ci\u0119\u017ckich w \u015bciekach  po przetworzeniu emulsji olejowych\" tabindex=\"-1\" >\n\t\t\tCzytaj wi\u0119cej \u00bb\t\t<\/a>\n\n\t\t\t\t<\/div>\n\t\t\t\t<div class=\"elementor-post__meta-data\">\n\t\t\t\t\t<span class=\"elementor-post-date\">\n\t\t\t2026-04-10\t\t<\/span>\n\t\t\t\t<span class=\"elementor-post-avatar\">\n\t\t\tBrak komentarzy\t\t<\/span>\n\t\t\t\t<\/div>\n\t\t\t\t\t<\/div>\n\t\t<\/article>\n\t\t\t\t<article class=\"elementor-post elementor-grid-item post-6347 post type-post status-publish format-standard hentry category-aktualnosci\" role=\"listitem\">\n\t\t\t<div class=\"elementor-post__card\">\n\t\t\t\t<div class=\"elementor-post__text\">\n\t\t\t\t<h3 class=\"elementor-post__title\">\n\t\t\t<a href=\"https:\/\/simp.bielsko.pl\/index.php\/2026\/01\/08\/zaproszenie-na-wyklad-rozwiazania-konstrukcyjne-i-wybrane-problemy-z-lozyskami-walow-i-osi-w-napedach-samochodow-elektrycznych\/\" >\n\t\t\t\tZaproszenie na wyk\u0142ad: Rozwi\u0105zania konstrukcyjne i wybrane problemy z \u0142o\u017cyskami wa\u0142\u00f3w i osi w nap\u0119dach samochod\u00f3w elektrycznych\t\t\t<\/a>\n\t\t<\/h3>\n\t\t\n\t\t<a class=\"elementor-post__read-more\" href=\"https:\/\/simp.bielsko.pl\/index.php\/2026\/01\/08\/zaproszenie-na-wyklad-rozwiazania-konstrukcyjne-i-wybrane-problemy-z-lozyskami-walow-i-osi-w-napedach-samochodow-elektrycznych\/\" aria-label=\"Read more about Zaproszenie na wyk\u0142ad: Rozwi\u0105zania konstrukcyjne i wybrane problemy z \u0142o\u017cyskami wa\u0142\u00f3w i osi w nap\u0119dach samochod\u00f3w elektrycznych\" tabindex=\"-1\" >\n\t\t\tCzytaj wi\u0119cej \u00bb\t\t<\/a>\n\n\t\t\t\t<\/div>\n\t\t\t\t<div class=\"elementor-post__meta-data\">\n\t\t\t\t\t<span class=\"elementor-post-date\">\n\t\t\t2026-01-08\t\t<\/span>\n\t\t\t\t<span class=\"elementor-post-avatar\">\n\t\t\tBrak komentarzy\t\t<\/span>\n\t\t\t\t<\/div>\n\t\t\t\t\t<\/div>\n\t\t<\/article>\n\t\t\t\t<article class=\"elementor-post elementor-grid-item post-6344 post type-post status-publish format-standard hentry category-aktualnosci\" role=\"listitem\">\n\t\t\t<div class=\"elementor-post__card\">\n\t\t\t\t<div class=\"elementor-post__text\">\n\t\t\t\t<h3 class=\"elementor-post__title\">\n\t\t\t<a href=\"https:\/\/simp.bielsko.pl\/index.php\/2025\/12\/03\/zaproszenie-na-wyklad-wyklad-zastosowanie-zjawiska-antyrezonansu-do-redukcji-oddzialywan-dynamicznych-maszyn-wibracyjnych\/\" >\n\t\t\t\tZaproszenie na wyk\u0142ad: Wyk\u0142ad: Zastosowanie zjawiska antyrezonansu do redukcji oddzia\u0142ywa\u0144 dynamicznych maszyn wibracyjnych\t\t\t<\/a>\n\t\t<\/h3>\n\t\t\n\t\t<a class=\"elementor-post__read-more\" href=\"https:\/\/simp.bielsko.pl\/index.php\/2025\/12\/03\/zaproszenie-na-wyklad-wyklad-zastosowanie-zjawiska-antyrezonansu-do-redukcji-oddzialywan-dynamicznych-maszyn-wibracyjnych\/\" aria-label=\"Read more about Zaproszenie na wyk\u0142ad: Wyk\u0142ad: Zastosowanie zjawiska antyrezonansu do redukcji oddzia\u0142ywa\u0144 dynamicznych maszyn wibracyjnych\" tabindex=\"-1\" >\n\t\t\tCzytaj wi\u0119cej \u00bb\t\t<\/a>\n\n\t\t\t\t<\/div>\n\t\t\t\t<div class=\"elementor-post__meta-data\">\n\t\t\t\t\t<span class=\"elementor-post-date\">\n\t\t\t2025-12-03\t\t<\/span>\n\t\t\t\t<span class=\"elementor-post-avatar\">\n\t\t\tBrak komentarzy\t\t<\/span>\n\t\t\t\t<\/div>\n\t\t\t\t\t<\/div>\n\t\t<\/article>\n\t\t\t\t<article class=\"elementor-post elementor-grid-item post-6334 post type-post status-publish format-standard hentry category-aktualnosci\" role=\"listitem\">\n\t\t\t<div class=\"elementor-post__card\">\n\t\t\t\t<div class=\"elementor-post__text\">\n\t\t\t\t<h3 class=\"elementor-post__title\">\n\t\t\t<a href=\"https:\/\/simp.bielsko.pl\/index.php\/2025\/12\/03\/zaproszenie-na-xv-miedzynarodowa-konferencje-studentow-i-doktorantow-inzynier-xxi-wieku\/\" >\n\t\t\t\tZaproszenie na XV Mi\u0119dzynarodow\u0105 Konferencj\u0119 Student\u00f3w i Doktorant\u00f3w \u201eIn\u017cynier XXI wieku\u201d\t\t\t<\/a>\n\t\t<\/h3>\n\t\t\n\t\t<a class=\"elementor-post__read-more\" href=\"https:\/\/simp.bielsko.pl\/index.php\/2025\/12\/03\/zaproszenie-na-xv-miedzynarodowa-konferencje-studentow-i-doktorantow-inzynier-xxi-wieku\/\" aria-label=\"Read more about Zaproszenie na XV Mi\u0119dzynarodow\u0105 Konferencj\u0119 Student\u00f3w i Doktorant\u00f3w \u201eIn\u017cynier XXI wieku\u201d\" tabindex=\"-1\" >\n\t\t\tCzytaj wi\u0119cej \u00bb\t\t<\/a>\n\n\t\t\t\t<\/div>\n\t\t\t\t<div class=\"elementor-post__meta-data\">\n\t\t\t\t\t<span class=\"elementor-post-date\">\n\t\t\t2025-12-03\t\t<\/span>\n\t\t\t\t<span class=\"elementor-post-avatar\">\n\t\t\tBrak komentarzy\t\t<\/span>\n\t\t\t\t<\/div>\n\t\t\t\t\t<\/div>\n\t\t<\/article>\n\t\t\t\t<article class=\"elementor-post elementor-grid-item post-6220 post type-post status-publish format-standard hentry category-aktualnosci\" role=\"listitem\">\n\t\t\t<div class=\"elementor-post__card\">\n\t\t\t\t<div class=\"elementor-post__text\">\n\t\t\t\t<h3 class=\"elementor-post__title\">\n\t\t\t<a href=\"https:\/\/simp.bielsko.pl\/index.php\/2025\/05\/23\/zaproszenie-na-wyklad-metoda-elementow-brzegowych-w-mechanice-ukladow-odksztalcalnych\/\" >\n\t\t\t\tZaproszenie na wyk\u0142ad: Metoda element\u00f3w brzegowych w mechanice uk\u0142ad\u00f3w odkszta\u0142calnych\t\t\t<\/a>\n\t\t<\/h3>\n\t\t\n\t\t<a class=\"elementor-post__read-more\" href=\"https:\/\/simp.bielsko.pl\/index.php\/2025\/05\/23\/zaproszenie-na-wyklad-metoda-elementow-brzegowych-w-mechanice-ukladow-odksztalcalnych\/\" aria-label=\"Read more about Zaproszenie na wyk\u0142ad: Metoda element\u00f3w brzegowych w mechanice uk\u0142ad\u00f3w odkszta\u0142calnych\" tabindex=\"-1\" >\n\t\t\tCzytaj wi\u0119cej \u00bb\t\t<\/a>\n\n\t\t\t\t<\/div>\n\t\t\t\t<div class=\"elementor-post__meta-data\">\n\t\t\t\t\t<span class=\"elementor-post-date\">\n\t\t\t2025-05-23\t\t<\/span>\n\t\t\t\t<span class=\"elementor-post-avatar\">\n\t\t\tBrak komentarzy\t\t<\/span>\n\t\t\t\t<\/div>\n\t\t\t\t\t<\/div>\n\t\t<\/article>\n\t\t\t\t<article class=\"elementor-post elementor-grid-item post-6218 post type-post status-publish format-standard hentry category-aktualnosci\" role=\"listitem\">\n\t\t\t<div class=\"elementor-post__card\">\n\t\t\t\t<div class=\"elementor-post__text\">\n\t\t\t\t<h3 class=\"elementor-post__title\">\n\t\t\t<a href=\"https:\/\/simp.bielsko.pl\/index.php\/2025\/05\/13\/zaproszenie-na-wyklad-zastosowanie-mes-w-projektowaniu-uszczelnien-odpowiedzialnych-instalacji-cisnieniowych\/\" >\n\t\t\t\tZaproszenie na wyk\u0142ad: Zastosowanie MES w projektowaniu uszczelnie\u0144 odpowiedzialnych instalacji ci\u015bnieniowych\t\t\t<\/a>\n\t\t<\/h3>\n\t\t\n\t\t<a class=\"elementor-post__read-more\" href=\"https:\/\/simp.bielsko.pl\/index.php\/2025\/05\/13\/zaproszenie-na-wyklad-zastosowanie-mes-w-projektowaniu-uszczelnien-odpowiedzialnych-instalacji-cisnieniowych\/\" aria-label=\"Read more about Zaproszenie na wyk\u0142ad: Zastosowanie MES w projektowaniu uszczelnie\u0144 odpowiedzialnych instalacji ci\u015bnieniowych\" tabindex=\"-1\" >\n\t\t\tCzytaj wi\u0119cej \u00bb\t\t<\/a>\n\n\t\t\t\t<\/div>\n\t\t\t\t<div class=\"elementor-post__meta-data\">\n\t\t\t\t\t<span class=\"elementor-post-date\">\n\t\t\t2025-05-13\t\t<\/span>\n\t\t\t\t<span class=\"elementor-post-avatar\">\n\t\t\tBrak komentarzy\t\t<\/span>\n\t\t\t\t<\/div>\n\t\t\t\t\t<\/div>\n\t\t<\/article>\n\t\t\t\t<article class=\"elementor-post elementor-grid-item post-6216 post type-post status-publish format-standard hentry category-aktualnosci\" role=\"listitem\">\n\t\t\t<div class=\"elementor-post__card\">\n\t\t\t\t<div class=\"elementor-post__text\">\n\t\t\t\t<h3 class=\"elementor-post__title\">\n\t\t\t<a href=\"https:\/\/simp.bielsko.pl\/index.php\/2025\/04\/29\/zaproszenie-na-wyklad-biomaterialy-przyszlosci-wytwarzane-metoda-druku-4d\/\" >\n\t\t\t\tZaproszenie na wyk\u0142ad: Biomateria\u0142y przysz\u0142o\u015bci wytwarzane metod\u0105 druku 4D\t\t\t<\/a>\n\t\t<\/h3>\n\t\t\n\t\t<a class=\"elementor-post__read-more\" href=\"https:\/\/simp.bielsko.pl\/index.php\/2025\/04\/29\/zaproszenie-na-wyklad-biomaterialy-przyszlosci-wytwarzane-metoda-druku-4d\/\" aria-label=\"Read more about Zaproszenie na wyk\u0142ad: Biomateria\u0142y przysz\u0142o\u015bci wytwarzane metod\u0105 druku 4D\" tabindex=\"-1\" >\n\t\t\tCzytaj wi\u0119cej \u00bb\t\t<\/a>\n\n\t\t\t\t<\/div>\n\t\t\t\t<div class=\"elementor-post__meta-data\">\n\t\t\t\t\t<span class=\"elementor-post-date\">\n\t\t\t2025-04-29\t\t<\/span>\n\t\t\t\t<span class=\"elementor-post-avatar\">\n\t\t\tBrak komentarzy\t\t<\/span>\n\t\t\t\t<\/div>\n\t\t\t\t\t<\/div>\n\t\t<\/article>\n\t\t\t\t<article class=\"elementor-post elementor-grid-item post-6212 post type-post status-publish format-standard hentry category-aktualnosci\" role=\"listitem\">\n\t\t\t<div class=\"elementor-post__card\">\n\t\t\t\t<div class=\"elementor-post__text\">\n\t\t\t\t<h3 class=\"elementor-post__title\">\n\t\t\t<a href=\"https:\/\/simp.bielsko.pl\/index.php\/2025\/03\/18\/gala-wreczenia-statuetek-i-wyroznien-technik-absolwent-roku-2024\/\" >\n\t\t\t\tGala wr\u0119czenia statuetek i wyr\u00f3\u017cnie\u0144 &#8211; Technik Absolwent Roku 2024\t\t\t<\/a>\n\t\t<\/h3>\n\t\t\n\t\t<a class=\"elementor-post__read-more\" href=\"https:\/\/simp.bielsko.pl\/index.php\/2025\/03\/18\/gala-wreczenia-statuetek-i-wyroznien-technik-absolwent-roku-2024\/\" aria-label=\"Read more about Gala wr\u0119czenia statuetek i wyr\u00f3\u017cnie\u0144 &#8211; Technik Absolwent Roku 2024\" tabindex=\"-1\" >\n\t\t\tCzytaj wi\u0119cej \u00bb\t\t<\/a>\n\n\t\t\t\t<\/div>\n\t\t\t\t<div class=\"elementor-post__meta-data\">\n\t\t\t\t\t<span class=\"elementor-post-date\">\n\t\t\t2025-03-18\t\t<\/span>\n\t\t\t\t<span class=\"elementor-post-avatar\">\n\t\t\tBrak komentarzy\t\t<\/span>\n\t\t\t\t<\/div>\n\t\t\t\t\t<\/div>\n\t\t<\/article>\n\t\t\t\t<article class=\"elementor-post elementor-grid-item post-6209 post type-post status-publish format-standard hentry category-aktualnosci\" role=\"listitem\">\n\t\t\t<div class=\"elementor-post__card\">\n\t\t\t\t<div class=\"elementor-post__text\">\n\t\t\t\t<h3 class=\"elementor-post__title\">\n\t\t\t<a href=\"https:\/\/simp.bielsko.pl\/index.php\/2025\/01\/16\/zaproszenie-na-wyklad-polski-foton\/\" >\n\t\t\t\tZaproszenie na wyk\u0142ad: \u201ePolski\u201d foton\t\t\t<\/a>\n\t\t<\/h3>\n\t\t\n\t\t<a class=\"elementor-post__read-more\" href=\"https:\/\/simp.bielsko.pl\/index.php\/2025\/01\/16\/zaproszenie-na-wyklad-polski-foton\/\" aria-label=\"Read more about Zaproszenie na wyk\u0142ad: \u201ePolski\u201d foton\" tabindex=\"-1\" >\n\t\t\tCzytaj wi\u0119cej \u00bb\t\t<\/a>\n\n\t\t\t\t<\/div>\n\t\t\t\t<div class=\"elementor-post__meta-data\">\n\t\t\t\t\t<span class=\"elementor-post-date\">\n\t\t\t2025-01-16\t\t<\/span>\n\t\t\t\t<span class=\"elementor-post-avatar\">\n\t\t\tBrak komentarzy\t\t<\/span>\n\t\t\t\t<\/div>\n\t\t\t\t\t<\/div>\n\t\t<\/article>\n\t\t\t\t<\/div>\n\t\t\n\t\t\t\t<div class=\"e-load-more-anchor\" data-page=\"1\" data-max-page=\"6\" data-next-page=\"https:\/\/simp.bielsko.pl\/index.php\/wp-json\/wp\/v2\/pages\/5973\/page\/2\/\"><\/div>\n\t\t\t\t<nav class=\"elementor-pagination\" aria-label=\"Paginacja\">\n\t\t\t<span aria-current=\"page\" class=\"page-numbers current\"><span class=\"elementor-screen-only\">Strona<\/span>1<\/span>\n<a class=\"page-numbers\" href=\"https:\/\/simp.bielsko.pl\/index.php\/wp-json\/wp\/v2\/pages\/5973\/page\/2\/\"><span class=\"elementor-screen-only\">Strona<\/span>2<\/a>\n<a class=\"page-numbers\" href=\"https:\/\/simp.bielsko.pl\/index.php\/wp-json\/wp\/v2\/pages\/5973\/page\/3\/\"><span class=\"elementor-screen-only\">Strona<\/span>3<\/a>\n<a class=\"page-numbers\" href=\"https:\/\/simp.bielsko.pl\/index.php\/wp-json\/wp\/v2\/pages\/5973\/page\/4\/\"><span class=\"elementor-screen-only\">Strona<\/span>4<\/a>\n<a class=\"page-numbers\" href=\"https:\/\/simp.bielsko.pl\/index.php\/wp-json\/wp\/v2\/pages\/5973\/page\/5\/\"><span class=\"elementor-screen-only\">Strona<\/span>5<\/a>\t\t<\/nav>\n\t\t\t\t\t\t<\/div>\n\t\t\t\t<\/div>\n\t\t\t\t\t<\/div>\n\t\t<\/div>\n\t\t\t\t\t<\/div>\n\t\t<\/section>\n\t\t\t\t<\/div>\n\t\t","protected":false},"excerpt":{"rendered":"","protected":false},"author":2,"featured_media":0,"parent":0,"menu_order":0,"comment_status":"closed","ping_status":"closed","template":"","meta":{"footnotes":""},"class_list":["post-5973","page","type-page","status-publish","hentry"],"_links":{"self":[{"href":"https:\/\/simp.bielsko.pl\/index.php\/wp-json\/wp\/v2\/pages\/5973","targetHints":{"allow":["GET"]}}],"collection":[{"href":"https:\/\/simp.bielsko.pl\/index.php\/wp-json\/wp\/v2\/pages"}],"about":[{"href":"https:\/\/simp.bielsko.pl\/index.php\/wp-json\/wp\/v2\/types\/page"}],"author":[{"embeddable":true,"href":"https:\/\/simp.bielsko.pl\/index.php\/wp-json\/wp\/v2\/users\/2"}],"replies":[{"embeddable":true,"href":"https:\/\/simp.bielsko.pl\/index.php\/wp-json\/wp\/v2\/comments?post=5973"}],"version-history":[{"count":18,"href":"https:\/\/simp.bielsko.pl\/index.php\/wp-json\/wp\/v2\/pages\/5973\/revisions"}],"predecessor-version":[{"id":6329,"href":"https:\/\/simp.bielsko.pl\/index.php\/wp-json\/wp\/v2\/pages\/5973\/revisions\/6329"}],"wp:attachment":[{"href":"https:\/\/simp.bielsko.pl\/index.php\/wp-json\/wp\/v2\/media?parent=5973"}],"curies":[{"name":"wp","href":"https:\/\/api.w.org\/{rel}","templated":true}]}}